the remainder when 35 is divided by 9?
8
Calculate the remainder when 423 is divided by 48.
39
What is the remainder when 2436 is divided by 19?
4
What is the remainder when 153 is divided by 69?
15
Calculate the remainder when 1419 is divided by 75.
69
What is the remainder when 657 is divided by 44?
41
Calculate the remainder when 334 is divided by 56.
54
What is the remainder when 2097 is divided by 84?
81
What is the remainder when 828 is divided by 65?
48
Calculate the remainder when 893 is divided by 16.
13
Calculate the remainder when 2095 is divided by 12.
7
What is the remainder when 134 is divided by 34?
32
Calculate the remainder when 761 is divided by 251.
8
Calculate the remainder when 297 is divided by 12.
9
What is the remainder when 219 is divided by 92?
35
What is the remainder when 667 is divided by 226?
215
Calculate the remainder when 269 is divided by 250.
19
What is the remainder when 42994 is divided by 73?
70
Calculate the remainder when 167 is divided by 14.
13
Calculate the remainder when 1699 is divided by 278.
31
What is the remainder when 65 is divided by 12?
5
Calculate the remainder when 297 is divided by 25.
22
Calculate the remainder when 147 is divided by 42.
21
Calculate the remainder when 85 is divided by 3.
1
What is the remainder when 3178 is divided by 11?
10
What is the remainder when 3361 is divided by 29?
26
Calculate the remainder when 219 is divided by 56.
51
Calculate the remainder when 1397 is divided by 346.
13
Calculate the remainder when 2612 is divided by 201.
200
Calculate the remainder when 989 is divided by 31.
28
What is the remainder when 198 is divided by 8?
6
What is the remainder when 530 is divided by 132?
2
What is the remainder when 83 is divided by 5?
3
Calculate the remainder when 144 is divided by 10.
4
Calculate the remainder when 1246 is divided by 26.
24
What is the remainder when 324 is divided by 30?
24
Calculate the remainder when 482 is divided by 54.
50
What is the remainder when 44 is divided by 10?
4
What is the remainder when 54 is divided by 18?
0
What is the remainder when 13382 is divided by 8?
6
What is the remainder when 2019 is divided by 92?
87
What is the remainder when 127 is divided by 10?
7
Calculate the remainder when 459 is divided by 14.
11
What is the remainder when 747 is divided by 15?
12
Calculate the remainder when 408 is divided by 100.
8
What is the remainder when 805 is divided by 58?
51
Calculate the remainder when 17735 is divided by 32.
7
Calculate the remainder when 59 is divided by 13.
7
Calculate the remainder when 18 is divided by 10.
8
Calculate the remainder when 56 is divided by 13.
4
What is the remainder when 255 is divided by 47?
20
What is the remainder when 267 is divided by 45?
42
What is the remainder when 1161 is divided by 14?
13
What is the remainder when 142 is divided by 36?
34
Calculate the remainder when 3046 is divided by 10.
6
Calculate the remainder when 142 is divided by 8.
6
Calculate the remainder when 338 is divided by 5.
3
Calculate the remainder when 2674 is divided by 873.
55
What is the remainder when 45 is divided by 20?
5
What is the remainder when 881 is divided by 97?
8
What is the remainder when 169 is divided by 144?
25
What is the remainder when 209 is divided by 94?
21
Calculate the remainder when 77 is divided by 36.
5
Calculate the remainder when 154 is divided by 80.
74
What is the remainder when 2607 is divided by 45?
42
Calculate the remainder when 1175 is divided by 148.
139
What is the remainder when 2738 is divided by 37?
0
Calculate the remainder when 1677 is divided by 140.
137
What is the remainder when 93 is divided by 44?
5
What is the remainder when 447 is divided by 58?
41
What is the remainder when 701 is divided by 22?
19
Calculate the remainder when 87 is divided by 14.
3
Calculate the remainder when 679 is divided by 175.
154
What is the remainder when 1917 is divided by 83?
8
What is the remainder when 1590 is divided by 37?
36
Calculate the remainder when 670 is divided by 113.
105
What is the remainder when 1775 is divided by 472?
359
Calculate the remainder when 130 is divided by 33.
31
Calculate the remainder when 1256 is divided by 84.
80
What is the remainder when 313 is divided by 64?
57
Calculate the remainder when 340 is divided by 119.
102
Calculate the remainder when 86 is divided by 44.
42
What is the remainder when 227 is divided by 19?
18
Calculate the remainder when 145 is divided by 115.
30
Calculate the remainder when 1440 is divided by 13.
10
Calculate the remainder when 408 is divided by 60.
48
What is the remainder when 358 is divided by 73?
66
What is the remainder when 446 is divided by 270?
176
Calculate the remainder when 284 is divided by 7.
4
What is the remainder when 3613 is divided by 134?
129
Calculate the remainder when 919 is divided by 10.
9
Calculate the remainder when 138 is divided by 14.
12
What is the remainder when 299 is divided by 291?
8
Calculate the remainder when 185 is divided by 17.
15
What is the remainder when 1707 is divided by 6?
3
What is the remainder when 703 is divided by 86?
15
Calculate the remainder when 196 is divided by 98.
0
What is the remainder when 34 is divided by 20?
14
What is the remainder when 3184 is divided by 84?
76
What is the remainder when 1677 is divided by 28?
25
Calculate the remainder when 1521 is divided by 377.
13
Calculate the remainder when 964 is divided by 42.
40
What is the remainder when 527 is divided by 239?
49
What is the remainder when 520 is divided by 79?
46
What is the remainder when 1547 is divided by 5?
2
Calculate the remainder when 46 is divided by 19.
8
What is the remainder when 358 is divided by 33?
28
Calculate the remainder when 42 is divided by 12.
6
Calculate the remainder when 272 is divided by 95.
82
Calculate the remainder when 94 is divided by 20.
14
Calculate the remainder when 14132 is divided by 21.
20
What is the remainder when 20 is divided by 15?
5
What is the remainder when 19 is divided by 5?
4
What is the remainder when 26 is divided by 15?
11
Calculate the remainder when 2046 is divided by 64.
62
Calculate the remainder when 3693 is divided by 21.
18
Calculate the remainder when 1559 is divided by 11.
8
Calculate the remainder when 68 is divided by 6.
2
What is the remainder when 1507 is divided by 13?
12
Calculate the remainder when 586 is divided by 34.
8
What is the remainder when 1417 is divided by 7?
3
What is the remainder when 3599 is divided by 68?
63
What is the remainder when 36 is divided by 20?
16
Calculate the remainder when 230 is divided by 11.
10
Calculate the remainder when 1015 is divided by 2.
1
Calculate the remainder when 28 is divided by 11.
6
Calculate the remainder when 234 is divided by 65.
39
Calculate the remainder when 290 is divided by 2.
0
What is the remainder when 179 is divided by 60?
59
What is the remainder when 62 is divided by 50?
12
What is the remainder when 549 is divided by 79?
75
Calculate the remainder when 1045 is divided by 45.
10
What is the remainder when 1418 is divided by 11?
10
What is the remainder when 546 is divided by 11?
7
What is the remainder when 95 is divided by 24?
23
Calculate the remainder when 184 is divided by 43.
12
Calculate the remainder when 3744 is divided by 107.
106
What is the remainder when 7151 is divided by 14?
11
What is the remainder when 16868 is divided by 114?
110
Calculate the remainder when 205 is divided by 37.
20
What is the remainder when 272 is divided by 70?
62
Calculate the remainder when 220 is divided by 101.
18
Calculate the remainder when 58 is divided by 17.
7
What is the remainder when 4017 is divided by 15?
12
What is the remainder when 778 is divided by 199?
181
Calculate the remainder when 28565 is divided by 8.
5
What is the remainder when 494 is divided by 33?
32
Calculate the remainder when 2983 is divided by 178.
135
Calculate the remainder when 153 is divided by 28.
13
What is the remainder when 268 is divided by 91?
86
Calculate the remainder when 61 is divided by 15.
1
What is the remainder when 763 is divided by 130?
113
Calculate the remainder when 1606 is divided by 535.
1
What is the remainder when 1679 is divided by 28?
27
What is the remainder when 3187 is d